 - 353. What is q(19)?
8
Let b(a) = -2*a**2 + 20*a + 266. What is b(17)?
28
Let z(a) = -a**3 + 126*a**2 + 124*a + 325. What is z(127)?
-56
Let b(n) = -n**2 + 513*n - 6511. Determine b(13).
-11
Let v(l) = l**2 + 5*l + 6. Give v(-19).
272
Let n(q) = -28*q - 41. What is n(-4)?
71
Let l(m) = -2*m**2 + 58*m - 380. What is l(20)?
-20
Let x(c) = -c**3 + 257*c**2 + 1303*c + 1840. Calculate x(262).
6
Let r(j) = -8*j + 98. Calculate r(-17).
234
Let b(a) = 3*a**3 + 6*a**2 - 30*a + 5. Determine b(3).
50
Let x(f) = -10*f + 989. Give x(95).
39
Let d(k) = 43*k**3 + 5*k**2 + 3*k + 3. Calculate d(-2).
-327
Let s(j) = -147*j - 1289. Give s(-8).
-113
Let g(o) = 66*o + 5620. Determine g(-85).
10
Let z(p) = 2981*p - 26829. Calculate z(9).
0
Let o(u) = -17*u**3 + 2*u**2 + 5*u + 3. What is o(-1)?
17
Let w(y) = 3*y**2 + 110*y + 594. Determine w(-30).
-6
Let r(y) = y**2 + 135*y - 3283. What is r(21)?
-7
Let c(w) = -3*w**2 + 78*w - 27. Determine c(25).
48
Let x(h) = 779*h - 14040. What is x(18)?
-18
Let a(j) = -23*j - 832. Give a(-27).
-211
Let t(z) = 1061*z - 3209. Determine t(3).
-26
Let g(f) = 87*f - 57. Determine g(3).
204
Let n(h) = 2*h - 73. Calculate n(-20).
-113
Let a(x) = x**2 + 336*x + 4653. Determine a(-14).
145
Let j(s) = -4*s**2 + 98. Calculate j(0).
98
Let x(g) = 2*g**3 - 4*g**2 - 10*g - 3. Determine x(-2).
-15
Let c(u) = -2*u**2 + 126*u - 1464. Determine c(47).
40
Let j(h) = -578*h + 2997. What is j(5)?
107
Let c(p) = -48*p**3 - 414*p**2 + 409*p + 4. Determine c(1).
-49
Let a(w) = -37*w**2 - 36*w - 107. Determine a(-3).
-332
Let c(i) = -2*i**3 + 14*i**2 + i + 11. What is c(7)?
18
Let o(i) = -2*i**2 + 31*i + 141. Calculate o(26).
-405
Let v(j) = j**3 + 35*j**2 - 27*j + 287. Give v(-36).
-37
Let t(r) = r**3 - 7*r**2 + 54*r - 92. Calculate t(2).
-4
Let x(i) = -1170*i - 10540. Determine x(-9).
-10
Let c(x) = -x**3 + 32*x**2 - 224*x - 118. What is c(21)?
29
Let t(b) = -23*b - 57. Determine t(3).
-126
Let w(z) = 3*z**2 - 5*z + 3. Determine w(-6).
141
Let t(c) = -c**2 + 92*c - 284. Determine t(4).
68
Let h(t) = -t + 82. Calculate h(62).
20
Let g(y) = 81*y - 5518. Give g(68).
-10
Let r(u) = -u**2 + 11*u - 25. Determine r(22).
-267
Let x(h) = 2599*h + 70189. Give x(-27).
16
Let i(k) = -k**3 - k**2 - 4*k - 30. Calculate i(-5).
90
Let u(y) = -920*y - 2758. Determine u(-3).
2
Let n(h) = -39*h + 18. Give n(1).
-21
Let h(n) = -225*n - 1151. Give h(-5).
-26
Let q(g) = -1274*g**2 + 6368*g + 2. Give q(5).
-8
Let u(t) = 22*t**3 + 155*t**2 + 12*t + 17. Determine u(-7).
-18
Let a(g) = 2*g**2 + 48*g - 72. Calculate a(-25).
-22
Let l(w) = 186*w - 2427. Calculate l(13).
-9
Let h(w) = -w**3 - 34*w**2 - 104*w - 325. Determine h(-31).
16
Let l(j) = -j**3 + 14*j**2 - 43*j + 5. Determine l(10).
-25
Let q(w) = 70*w - 368. Give q(9).
262
Let l(k) = 98*k - 1195. Give l(12).
-19
Let k(s) = -s**3 + 178*s**2 + 909*s - 35. Give k(-5).
-5
Let v(g) = 9*g + 12. Determine v(-2).
-6
Let q(j) = -15*j**2 - 141*j + 2. Calculate q(-10).
-88
Let q(k) = -1154*k + 1073. What is q(1)?
-81
Let d(s) = -32*s + 114. Calculate d(14).
-334
Let g(a) = a**3 - 9*a**2 - 163*a + 41. Determine g(-9).
50
Let s(j) = -107*j - 258. What is s(-4)?
170
Let j(r) = 185*r + 2205. Determine j(-12).
-15
Let n(z) = -14*z**2 - 458*z - 459. What is n(-1)?
-15
Let u(x) = 5417*x - 5406. Give u(1).
11
Let t(y) = 41*y - 101. Give t(22).
801
Let w(u) = -5*u + 111. Determine w(38).
-79
Let s(k) = -3*k**2 - 150*k - 553. Calculate s(-46).
-1
Let z(o) = 19*o**2 + 794*o - 56. What is z(-42)?
112
Let d(j) = -j**2 + 17*j + 905. Calculate d(-23).
-15
Let n(c) = 8*c**3 - 725*c**2 - 270*c - 267. Give n(91).
6
Let p(x) = 5*x**2 - 14*x - 46. Give p(-3).
41
Let w(g) = -g**3 - 4*g**2 - 21*g - 148. What is w(-6)?
50
Let g(y) = -47*y**2 + 2*y - 1. Determine g(1).
-46
Let a(h) = -h**3 + 8*h**2 + 8*h + 22. What is a(9)?
13
Let o(b) = -b**3 + 12*b**2 + 23*b + 20. Give o(14).
-50
Let r(m) = 3021*m + 21115. Calculate r(-7).
-32
Let z(r) = 478*r + 25817. Calculate z(-54).
5
Let r(x) = 136*x - 4743. What is r(36)?
153
Let x(u) = 92*u**3 - 1843*u**2 + 64*u - 87. Calculate x(20).
-7
Let f(p) = 13*p**2 + 523*p - 966. What is f(-42)?
0
Let y(f) = -1940*f + 23279. Determine y(12).
-1
Let p(k) = -k**2 - 69*k + 552. Determine p(8).
-64
Let c(z) = 291*z - 290. Calculate c(1).
1
Let j(f) = -41*f**3 + 2*f**2 + 3*f + 2. What is j(-1)?
42
Let g(d) = 2*d**2 + 510*d - 2055. What is g(4)?
17
Let u(g) = -2*g**2 - 79*g - 136. Determine u(-36).
116
Let y(b) = -132*b**2 + 20*b - 35. Determine y(2).
-523
Let s(c) = c**3 - 6*c**2 - 469*c + 2809. Determine s(6).
-5
Let n(o) = -15*o - 249. What is n(-30)?
201
Let m(y) = y**3 - 24*y**2 + 36*y + 175. Calculate m(22).
-1
Let l(c) = 10*c**2 + 174*c - 14. Give l(-18).
94
Let p(c) = -8*c**3 - 808*c + 808. What is p(1)?
-8
Let s(u) = u**3 + 13*u**2 - 30*u - 254. Determine s(-13).
136
Let o(x) = -2*x**2 + 30*x + 21. Calculate o(9).
129
Let t(m) = 21*m**2 - 46*m - 278. What is t(-6)?
754
Let c(g) = -66*g + 19. What is c(3)?
-179
Let q(v) = -4*v**2 + 110*v - 57. Calculate q(27).
-3
Let u(c) = -242*c - 3869. Determine u(-16).
3
Let w(r) = r**3 - 106*r**2 - 114*r + 743. Determine w(107).
-6
Let f(o) = 175*o + 5797. Calculate f(-34).
-153
Let c(x) = -12*x - 33. Give c(-17).
171
Let a(h) = 5*h**2 - 5*h - 106. Give a(6).
44
Let u(q) = 3*q + 49. Give u(-10).
19
Let n(g) = g**2 + 26*g - 3029. Give n(-69).
-62
Let i(p) = -p**3 - 120*p**2 - 1485*p - 112. Calculate i(-106).
-6
Let q(s) = s**3 - 16*s**2 - 144*s + 1266. What is q(20)?
-14
Let n(v) = -v**3 - 22*v**2 + 101*v - 67. Calculate n(-26).
11
Let o(j) = -86*j + 118. Give o(5).
-312
Let v(c) = -2*c**3 + 62*c**2 - 347*c - 3. Give v(8).
165
Let n(s) = -s**3 - 7*s**2 + 3*s + 29. Determine n(-7).
8
Let l(t) = -t**3 + t**2 - 3*t + 28. Determine l(4).
-32
Let q(x) = 4*x**2 + 54*x + 103. Determine q(-11).
-7
Let g(c) = -7*c**2 + 14*c + 60. Determine g(5).
-45
Let k(f) = f**3 + 66*f**2 + 139*f + 17. Determine k(-2).
-5
Let u(b) = 17*b**2 - 10*b + 6. Determine u(0).
6
Let i(q) = 2215*q - 2211. What is i(1)?
4
Let u(n) = n**3 - 18*n**2 + 3*n - 71. What is u(18)?
-17
Let z(o) = 11*o**2 + 171*o + 82. Give z(-15).
-8
Let q(z) = 210*z + 1863. What is q(-9)?
-27
Let a(g) = g**2 - 81*g - 197. Determine a(82).
-115
Let l(m) = -129*m**2 - 1037*m - 8. What is l(-8)?
32
Let d(r) = -r**3 + 54*r**2 - 4*r + 235. What is d(54)?
19
Let d(r) = r**3 - 4*r**2 - 362*r + 2396. Give d(7).
9
Let c(p) = -2*p**2 + 3*p + 4. Calculate c(-2).
-10
Let w(c) = 3*c**2 + c - 130. What is w(-7)?
10
Let f(i) = i**3 - 54*i**2 - 59*i + 236. What is f(55)?
16
Let f(d) = 5*d**2 + 150*d - 150. Determine f(-31).
5
Let r(w) = 192*w + 38016. Give r(-198).
0
Let x(f) = 3124*f - 21883. Calculate x(7).
-15
Let q(s) = -9*s - 108. Give q(-9).
-27
Let x(g) = g**3 + 157*g**2 + 258*g - 8050. Give x(-155).
10
Let c(o) = -84*o - 508. Give c(-4).
-172
Let d(h) = 221*h - 225. Calculate d(4).
659
Let g(f) = f**3 + 3*f**2 - 14*f + 215. Give g(-8).
7
Let c(n) = 148*n - 1139. Calculate c(7).
-103
Let v(g) = -15*g**2 - 240*g + 16. What is v(-16)?
16
Let y(x) = x**3 + 39*x**2 - 64*x + 762. Determine y(-41).
24
Let w(l) = 24*l - 272. Determine w(11).
-8
Let k(p) = p**3 + 46*p**2 - 146*p - 6725. Calculate k(-46).
-9
Let c(s) = s**3 + 59*s**2 + 370*s + 300. Give c(-52).
-12
Let u(p) = 2*p**2 + 163*p + 477. Give u(-3).
6
Let q(y) = -115*y - 4. Calculate q(0).
-4
Let u(t) = -14*t**3 - 169*t**2 - 12*t - 36. Calculate u(-12).
-36
Let j(o) = -14*o**3 + 11*o**2 + 22*o + 10. Calculate j(-1).
13
Let d(f) = -5*f**2 - 136*f - 762. What is d(-8)?
6
Let t(o) = -53*o - 429. Determine t(-8).
-5
Let d(w) = -3*w**3 + 292*w**2 + 199*w - 299. What is d(98)?
-5
Let i(j) = -4*j**2 + 33*j - 5. Give i(12).
-185
Let d(k) = 2*k**3 - 3*k**2 - 49*k + 10. Calculate d(-5).
-70
Let r(q) = 3*q**3 - 35*q**2 - 24*q + 64. What is r(12)?
-80
Let r(d) = 2*d**3 + 60*d**2 - 56*d + 172. What is r(-31)?
-14
Let f(m) = -m**3 + 12*m**2 - 34*m + 7. What is f(7)?
14
Let i(h) = -h**3 + 8*h**2 - 5*h + 38. Determine i(8).
-2
Let z(h) = -18*h**2 + 37*h + 26. Determine z(3).
-25
Let o(l) = -2*l**2 + 147*l - 685. Give o(5).
0
Let r(m) = -5*m - 87. Calculate r(-5).
-62
Let b(y) = 114*y**2 - y - 16. What is b(1)?
97
Let v(m) = m**3 - 23*m**2 - 207*m - 111. Calculate v(30).
-21
Let b(i) = 2*i**2 - 125*i + 1369